{"id":2152,"date":"2020-03-14T00:42:00","date_gmt":"2020-03-13T23:42:00","guid":{"rendered":"https:\/\/www.theologie.uzh.ch\/static\/wp\/?page_id=2152"},"modified":"2023-07-21T11:01:52","modified_gmt":"2023-07-21T09:01:52","slug":"podcast","status":"publish","type":"page","link":"https:\/\/www.theologie.uzh.ch\/apps\/gpi\/podcast\/","title":{"rendered":"Podcast"},"content":{"rendered":"\r\n<p>Weil viele Kirchen wieder Vorort-Gottesdienste anbieten, werden wir in den n\u00e4chsten Wochen nur noch vereinzelt neue Predigten im Podcast ver\u00f6ffentlichen.<\/p>\r\n\r\n\r\n\r\n<p>&nbsp;<\/p>\r\n\r\n\r\n<hr class=\"wp-block-separator\" \/>\r\n<p>Das Coronavirus bestimmt die \u00d6ffentlichkeit und legt weite Teile des \u00f6ffentlichen und kirchlichen Lebens lahm. Wir wollen einen Betrag leisten, dass Menschen Kirche und Glaube auch im digitalen Raum erleben k\u00f6nnen. Und so stellen wir in diesem Podcast jeden Sonntag eine Predigtperle aus der Sammlung der G\u00f6ttinger Predigten im Internet zur Ermutigung und Inspiration zur Verf\u00fcgung.<\/p>\r\n<p>Den GPI Podcast finden Sie auch unter folgenden Links:<\/p>\r\n<h2>[ap_button button_size=&#8220;ap-small-bttn&#8220;\u00a0button_url=&#8220;https:\/\/www.deezer.com\/de\/show\/944612&#8243; button_type=&#8220;ap-outline-bttn&#8220; button_color=&#8220;ap-default-bttn&#8220; button_align=&#8220;ap-align-none&#8220;]Deezer[\/ap_button] [ap_button button_size=&#8220;ap-small-bttn&#8220; button_url=&#8220;https:\/\/podcasts.apple.com\/ch\/podcast\/gpi-podcast-frische-predigten-f%C3%BCr-daheim\/id1502784616&#8243; button_type=&#8220;ap-outline-bttn&#8220; button_color=&#8220;ap-default-bttn&#8220; button_align=&#8220;ap-align-none&#8220;]Apple Podcast[\/ap_button]<\/h2>\r\n<h2>\u00a0<\/h2>\r\n\r\n\r\n\r\n\r\n\r\n\r\n\r\n\r\n\r\n\r\n\r\n\r\n\r\n\r\n\r\n\r\n","protected":false},"excerpt":{"rendered":"<p>Weil viele Kirchen wieder Vorort-Gottesdienste anbieten, werden wir in den n\u00e4chsten Wochen nur noch vereinzelt neue Predigten im Podcast ver\u00f6ffentlichen. &nbsp; Das Coronavirus bestimmt die \u00d6ffentlichkeit und legt weite Teile des \u00f6ffentlichen und kirchlichen Lebens lahm. Wir wollen einen Betrag leisten, dass Menschen Kirche und Glaube auch im digitalen Raum erleben k\u00f6nnen. Und so stellen [&hellip;]<\/p>\n","protected":false},"author":1,"featured_media":0,"parent":0,"menu_order":0,"comment_status":"closed","ping_status":"closed","template":"","meta":{"footnotes":""},"class_list":["post-2152","page","type-page","status-publish","hentry"],"_links":{"self":[{"href":"https:\/\/www.theologie.uzh.ch\/apps\/gpi\/wp-json\/wp\/v2\/pages\/2152","targetHints":{"allow":["GET"]}}],"collection":[{"href":"https:\/\/www.theologie.uzh.ch\/apps\/gpi\/wp-json\/wp\/v2\/pages"}],"about":[{"href":"https:\/\/www.theologie.uzh.ch\/apps\/gpi\/wp-json\/wp\/v2\/types\/page"}],"author":[{"embeddable":true,"href":"https:\/\/www.theologie.uzh.ch\/apps\/gpi\/wp-json\/wp\/v2\/users\/1"}],"replies":[{"embeddable":true,"href":"https:\/\/www.theologie.uzh.ch\/apps\/gpi\/wp-json\/wp\/v2\/comments?post=2152"}],"version-history":[{"count":59,"href":"https:\/\/www.theologie.uzh.ch\/apps\/gpi\/wp-json\/wp\/v2\/pages\/2152\/revisions"}],"predecessor-version":[{"id":18619,"href":"https:\/\/www.theologie.uzh.ch\/apps\/gpi\/wp-json\/wp\/v2\/pages\/2152\/revisions\/18619"}],"wp:attachment":[{"href":"https:\/\/www.theologie.uzh.ch\/apps\/gpi\/wp-json\/wp\/v2\/media?parent=2152"}],"curies":[{"name":"wp","href":"https:\/\/api.w.org\/{rel}","templated":true}]}}